[INFO] cloning repository https://github.com/MJohnson459/TeaTemp
[INFO] running `Command { std: "git" "-c" "credential.helper=" "-c" "credential.helper=/workspace/cargo-home/bin/git-credential-null" "clone" "--bare" "https://github.com/MJohnson459/TeaTemp" "/workspace/cache/git-repos/https%3A%2F%2Fgithub.com%2FMJohnson459%2FTeaTemp", kill_on_drop: false }`
[INFO] [stderr] Cloning into bare repository '/workspace/cache/git-repos/https%3A%2F%2Fgithub.com%2FMJohnson459%2FTeaTemp'...
[INFO] running `Command { std: "git" "rev-parse" "HEAD", kill_on_drop: false }`
[INFO] [stdout] 8fcf861f6ad42ddf2410ac35341310d7b268e7fb
[INFO] checking MJohnson459/TeaTemp against try#72f88fc4e9458f89516a0b8b0868f3718aec5b47 for pr-74989
[INFO] running `Command { std: "git" "clone" "/workspace/cache/git-repos/https%3A%2F%2Fgithub.com%2FMJohnson459%2FTeaTemp" "/workspace/builds/worker-1/source", kill_on_drop: false }`
[INFO] [stderr] Cloning into '/workspace/builds/worker-1/source'...
[INFO] [stderr] done.
[INFO] validating manifest of git repo https://github.com/MJohnson459/TeaTemp on toolchain 72f88fc4e9458f89516a0b8b0868f3718aec5b47
[INFO] running `Command { std: "/workspace/cargo-home/bin/cargo" "+72f88fc4e9458f89516a0b8b0868f3718aec5b47" "read-manifest" "--manifest-path" "Cargo.toml", kill_on_drop: false }`
[INFO] started tweaking git repo https://github.com/MJohnson459/TeaTemp
[INFO] finished tweaking git repo https://github.com/MJohnson459/TeaTemp
[INFO] tweaked toml for git repo https://github.com/MJohnson459/TeaTemp written to /workspace/builds/worker-1/source/Cargo.toml
[INFO] crate git repo https://github.com/MJohnson459/TeaTemp already has a lockfile, it will not be regenerated
[INFO] running `Command { std: "/workspace/cargo-home/bin/cargo" "+72f88fc4e9458f89516a0b8b0868f3718aec5b47" "fetch" "--locked" "--manifest-path" "Cargo.toml", kill_on_drop: false }`
[INFO] [stderr]     Updating git repository `https://github.com/SiegeLord/RustGnuplot.git`
[INFO] [stderr] error: the lock file /workspace/builds/worker-1/source/Cargo.lock needs to be updated but --locked was passed to prevent this
[INFO] [stderr] If you want to try to generate the lock file without accessing the network, use the --offline flag.
[INFO] the lockfile is outdated, regenerating it
[INFO] running `Command { std: "/workspace/cargo-home/bin/cargo" "+72f88fc4e9458f89516a0b8b0868f3718aec5b47" "generate-lockfile" "--manifest-path" "Cargo.toml" "-Zno-index-update", kill_on_drop: false }`
[INFO] [stderr]     Updating git repository `https://github.com/SiegeLord/RustGnuplot.git`
[INFO] running `Command { std: "/workspace/cargo-home/bin/cargo" "+72f88fc4e9458f89516a0b8b0868f3718aec5b47" "fetch" "--locked" "--manifest-path" "Cargo.toml", kill_on_drop: false }`
[INFO] [stderr]     Blocking waiting for file lock on package cache
[INFO] [stderr]     Blocking waiting for file lock on package cache
[INFO] running `Command { std: "docker" "create" "-v" "/var/lib/crater-agent-workspace/builds/worker-1/target:/opt/rustwide/target:rw,Z" "-v" "/var/lib/crater-agent-workspace/builds/worker-1/source:/opt/rustwide/workdir:ro,Z" "-v" "/var/lib/crater-agent-workspace/cargo-home:/opt/rustwide/cargo-home:ro,Z" "-v" "/var/lib/crater-agent-workspace/rustup-home:/opt/rustwide/rustup-home:ro,Z" "-e" "SOURCE_DIR=/opt/rustwide/workdir" "-e" "CARGO_TARGET_DIR=/opt/rustwide/target" "-e" "CARGO_HOME=/opt/rustwide/cargo-home" "-e" "RUSTUP_HOME=/opt/rustwide/rustup-home" "-w" "/opt/rustwide/workdir" "-m" "1610612736" "--user" "0:0" "--network" "none" "rustops/crates-build-env@sha256:d92eaeed33fa75130ca1ee6c8a01d1ffb62bac859dfdfb3450e3e5d1c0146529" "/opt/rustwide/cargo-home/bin/cargo" "+72f88fc4e9458f89516a0b8b0868f3718aec5b47" "metadata" "--no-deps" "--format-version=1", kill_on_drop: false }`
[INFO] [stdout] fd75477c701f5f6f435d98e8b39f2c8eef37402d596f08620e5f9feea466eacf
[INFO] [stderr] WARNING: Your kernel does not support swap limit capabilities or the cgroup is not mounted. Memory limited without swap.
[INFO] running `Command { std: "docker" "start" "-a" "fd75477c701f5f6f435d98e8b39f2c8eef37402d596f08620e5f9feea466eacf", kill_on_drop: false }`
[INFO] running `Command { std: "docker" "inspect" "fd75477c701f5f6f435d98e8b39f2c8eef37402d596f08620e5f9feea466eacf", kill_on_drop: false }`
[INFO] running `Command { std: "docker" "rm" "-f" "fd75477c701f5f6f435d98e8b39f2c8eef37402d596f08620e5f9feea466eacf", kill_on_drop: false }`
[INFO] [stdout] fd75477c701f5f6f435d98e8b39f2c8eef37402d596f08620e5f9feea466eacf
[INFO] running `Command { std: "docker" "create" "-v" "/var/lib/crater-agent-workspace/builds/worker-1/target:/opt/rustwide/target:rw,Z" "-v" "/var/lib/crater-agent-workspace/builds/worker-1/source:/opt/rustwide/workdir:ro,Z" "-v" "/var/lib/crater-agent-workspace/cargo-home:/opt/rustwide/cargo-home:ro,Z" "-v" "/var/lib/crater-agent-workspace/rustup-home:/opt/rustwide/rustup-home:ro,Z" "-e" "SOURCE_DIR=/opt/rustwide/workdir" "-e" "CARGO_TARGET_DIR=/opt/rustwide/target" "-e" "CARGO_INCREMENTAL=0" "-e" "RUST_BACKTRACE=full" "-e" "RUSTFLAGS=--cap-lints=forbid" "-e" "CARGO_HOME=/opt/rustwide/cargo-home" "-e" "RUSTUP_HOME=/opt/rustwide/rustup-home" "-w" "/opt/rustwide/workdir" "-m" "1610612736" "--user" "0:0" "--network" "none" "rustops/crates-build-env@sha256:d92eaeed33fa75130ca1ee6c8a01d1ffb62bac859dfdfb3450e3e5d1c0146529" "/opt/rustwide/cargo-home/bin/cargo" "+72f88fc4e9458f89516a0b8b0868f3718aec5b47" "check" "--frozen" "--all" "--all-targets" "--message-format=json", kill_on_drop: false }`
[INFO] [stdout] b28476cecc462ba7f2603e8a5a454f33d713292268026eb91032c9e1412e4c4e
[INFO] [stderr] WARNING: Your kernel does not support swap limit capabilities or the cgroup is not mounted. Memory limited without swap.
[INFO] running `Command { std: "docker" "start" "-a" "b28476cecc462ba7f2603e8a5a454f33d713292268026eb91032c9e1412e4c4e", kill_on_drop: false }`
[INFO] [stderr]    Compiling byteorder v1.3.4
[INFO] [stderr]     Checking gnuplot v0.0.37 (https://github.com/SiegeLord/RustGnuplot.git#5826f301)
[INFO] [stderr]     Checking TeaTemp v0.1.0 (/opt/rustwide/workdir)
[INFO] [stdout] error[E0107]: wrong number of lifetime arguments: expected 0, found 1
[INFO] [stdout]   --> src/main.rs:76:34
[INFO] [stdout]    |
[INFO] [stdout] 76 |     plot_options: Vec<PlotOption<'l>>,
[INFO] [stdout]    |                                  ^^ unexpected lifetime argument
[INFO] [stdout] 
[INFO] [stdout] 
[INFO] [stdout] error[E0107]: wrong number of type arguments: expected 1, found 0
[INFO] [stdout]   --> src/main.rs:76:23
[INFO] [stdout]    |
[INFO] [stdout] 76 |     plot_options: Vec<PlotOption<'l>>,
[INFO] [stdout]    |                       ^^^^^^^^^^^^^^ expected 1 type argument
[INFO] [stdout] 
[INFO] [stdout] 
[INFO] [stdout] error[E0107]: wrong number of lifetime arguments: expected 0, found 1
[INFO] [stdout]   --> src/main.rs:80:77
[INFO] [stdout]    |
[INFO] [stdout] 80 |     pub fn new(init_temp: f64, room_temp: f64, plot_options: Vec<PlotOption<'l>>) -> Experiment {
[INFO] [stdout]    |                                                                             ^^ unexpected lifetime argument
[INFO] [stdout] 
[INFO] [stdout] 
[INFO] [stdout] error[E0107]: wrong number of type arguments: expected 1, found 0
[INFO] [stdout]   --> src/main.rs:80:66
[INFO] [stdout]    |
[INFO] [stdout] 80 |     pub fn new(init_temp: f64, room_temp: f64, plot_options: Vec<PlotOption<'l>>) -> Experiment {
[INFO] [stdout]    |                                                                  ^^^^^^^^^^^^^^ expected 1 type argument
[INFO] [stdout] 
[INFO] [stdout] 
[INFO] [stdout] error: aborting due to 4 previous errors
[INFO] [stdout] 
[INFO] [stdout] 
[INFO] [stdout] For more information about this error, try `rustc --explain E0107`.
[INFO] [stdout] 
[INFO] [stderr] error: could not compile `TeaTemp`.
[INFO] [stderr] 
[INFO] [stderr] To learn more, run the command again with --verbose.
[INFO] [stderr] warning: build failed, waiting for other jobs to finish...
[INFO] [stdout] error[E0107]: wrong number of lifetime arguments: expected 0, found 1
[INFO] [stdout]   --> src/main.rs:76:34
[INFO] [stdout]    |
[INFO] [stdout] 76 |     plot_options: Vec<PlotOption<'l>>,
[INFO] [stdout]    |                                  ^^ unexpected lifetime argument
[INFO] [stdout] 
[INFO] [stdout] 
[INFO] [stdout] error[E0107]: wrong number of type arguments: expected 1, found 0
[INFO] [stdout]   --> src/main.rs:76:23
[INFO] [stdout]    |
[INFO] [stdout] 76 |     plot_options: Vec<PlotOption<'l>>,
[INFO] [stdout]    |                       ^^^^^^^^^^^^^^ expected 1 type argument
[INFO] [stdout] 
[INFO] [stdout] 
[INFO] [stdout] error[E0107]: wrong number of lifetime arguments: expected 0, found 1
[INFO] [stdout]   --> src/main.rs:80:77
[INFO] [stdout]    |
[INFO] [stdout] 80 |     pub fn new(init_temp: f64, room_temp: f64, plot_options: Vec<PlotOption<'l>>) -> Experiment {
[INFO] [stdout]    |                                                                             ^^ unexpected lifetime argument
[INFO] [stdout] 
[INFO] [stdout] 
[INFO] [stdout] error[E0107]: wrong number of type arguments: expected 1, found 0
[INFO] [stdout]   --> src/main.rs:80:66
[INFO] [stdout]    |
[INFO] [stdout] 80 |     pub fn new(init_temp: f64, room_temp: f64, plot_options: Vec<PlotOption<'l>>) -> Experiment {
[INFO] [stdout]    |                                                                  ^^^^^^^^^^^^^^ expected 1 type argument
[INFO] [stdout] 
[INFO] [stdout] 
[INFO] [stdout] error: aborting due to 4 previous errors
[INFO] [stdout] 
[INFO] [stdout] 
[INFO] [stdout] For more information about this error, try `rustc --explain E0107`.
[INFO] [stdout] 
[INFO] [stderr] error: build failed
[INFO] running `Command { std: "docker" "inspect" "b28476cecc462ba7f2603e8a5a454f33d713292268026eb91032c9e1412e4c4e", kill_on_drop: false }`
[INFO] running `Command { std: "docker" "rm" "-f" "b28476cecc462ba7f2603e8a5a454f33d713292268026eb91032c9e1412e4c4e", kill_on_drop: false }`
[INFO] [stdout] b28476cecc462ba7f2603e8a5a454f33d713292268026eb91032c9e1412e4c4e
